 -40. List the prime factors of 15/2*(-224)/s.
2, 3, 7
Let w = -18 + -5. Let u = -9 - w. What are the prime factors of u?
2, 7
Suppose 4*b + 12 = 0, -j - 13 = 4*b + b. Suppose -2*g + 7 = -q - 69, j*g - 64 = 4*q. What are the prime factors of g?
2, 5
Suppose -18 = 2*r - 3*r - k, -5*r + 72 = -k. Suppose 3*g - t = r - 5, -5*g = 2*t - 35. List the prime factors of g.
5
Suppose -y - 4*i + 28 = 0, 5*y - 149 = -4*i + 23. Suppose -4*u - y = -7*u. What are the prime factors of u?
2, 3
Suppose -2 = u + 5. Let c = -3 + 16. Let v = c + u. What are the prime factors of v?
2, 3
Suppose -3*j = -5*v - 69, -j = -2*v + j - 30. Suppose 5*u - 13 + 0 = p, -5*p - 3*u + 19 = 0. List the prime factors of (-1)/p*2 - v.
11
Let r be (-3)/(-3)*7/1. Suppose 33 = -5*t - 12. Let v = r - t. What are the prime factors of v?
2
Suppose 0 = -4*r - 2*q - 3 - 13, -q + 4 = 0. Let d be 8/6 - 4/r. Suppose 0 = 3*z - 34 - d. List the prime factors of z.
2, 3
Let b(u) = -u**3 - 6*u**2 - 12*u + 6. What are the prime factors of b(-7)?
139
Let l(w) = -2*w - 13. Let c(q) = -2*q**2 - q. Let t be c(2). Let i be l(t). List the prime factors of -1 + (i - 2) + -1.
3
Suppose -6*g + g = -40. Suppose -5*o + 3*o = 2*y + g, -4*y - 7 = o. What are the prime factors of y/(2/(-11))*2?
11
Suppose -m = 4*c + 5, 5*m + 11 = -4*c + 2. What are the prime factors of 12 - (2 + 2/m)?
2, 3
Let m be ((-26)/3)/((-10)/15). Let o be (-2 + 1 - 1) + -6. Let g = m + o. List the prime factors of g.
5
Suppose 5*n = 212 + 23. List the prime factors of n.
47
Let j(q) be the first derivative of 2*q**3/3 - 5*q**2/2 - 2*q - 1. Suppose 7*a - 3*a - 16 = 0. List the prime factors of j(a).
2, 5
Suppose 0 = 3*b + 73 - 184. Let c = b - 24. Suppose 12 + c = 5*a. What are the prime factors of a?
5
Suppose -124 = 8*o - 10*o. List the prime factors of o.
2, 31
Let g(s) = -20*s**3 - 47*s**2 - 41*s + 19. Let p(j) = 7*j**3 + 16*j**2 + 14*j - 6. Let b(o) = 6*g(o) + 17*p(o). List the prime factors of b(-9).
3
Suppose -h - 3*v + 5 = 0, 0 = -2*h - 5*v + 6 + 3. Suppose -2*m + h = -10. Let k(z) = z + 1. What are the prime factors of k(m)?
7
Let p be (-5)/4 + 2/8. Let z(b) = -2*b**3 + b + 1. What are the prime factors of z(p)?
2
Suppose j = -3*k + 10, -j - k + 10 = -2*j. Let h = -1 - j. List the prime factors of h.
2
Suppose 8*f = 2*f + 126. What are the prime factors of f?
3, 7
List the prime factors of 2/(-10) + (-1092)/(-35).
31
Suppose 0 = 7*s - 371 - 1806. What are the prime factors of s?
311
Suppose 2 = -4*h - 10. Let c be (-676)/12 - (-2)/h. What are the prime factors of (c/21 - -1)*-7?
2, 3
Let x be (-2)/((-2)/(-2)) - -1. Suppose -2*w = -2*z - 0*w + 8, 3*z - 5*w - 20 = 0. List the prime factors of z + -2 - (-4 + x).
3
Let t be 3 - 30/(-3) - -2. Suppose 0 = -2*b + t + 17. List the prime factors of b.
2
Let n(x) = x**2 - 5*x - 10. Let l(i) = -3*i - 5. Let g be l(-4). Suppose -g*d + 2*d + 35 = 0. List the prime factors of n(d).
2
Let v be 51/3 - (-1 - -1). Let w(n) = -10*n - 2. Let d be w(-3). Let l = d - v. What are the prime factors of l?
11
Suppose 5*i + m = 69, 3*i - 3*m - 53 = -2*i. Suppose -4*x + i + 11 = 0. Suppose -x*l + 3*l = -9. What are the prime factors of l?
3
Suppose 3*p - 2*b - 32 = 0, 4*b - 8 = 12. List the prime factors of p.
2, 7
Let q = 17 - 5. Let s = -10 + q. What are the prime factors of s?
2
Suppose 5*r = -2*m + 7*m + 265, 0 = -3*r - 3*m + 171. What are the prime factors of r?
5, 11
Suppose 0 = -3*l + 4*l - 5*s + 3, 4*s = 2*l. Suppose -3*x = l*x - 155. What are the prime factors of x?
31
Suppose -3*f = 2*f + 30. Let v(x) = x**2 + 5*x - 4. What are the prime factors of v(f)?
2
Suppose -4*b = 4*u - 48, -4*b - 3*u - 11 = -60. Let n = 3 + b. List the prime factors of n.
2
Let c = 23 - -19. What are the prime factors of c?
2, 3, 7
Let a be (-2)/8 + 63/28. Suppose -44 = -a*m - 0*m. List the prime factors of m.
2, 11
Suppose -q = -4 - 2. Let a = -4 + q. Suppose a*w + 3*w = 35. List the prime factors of w.
7
Let k(c) = c**2 + 8*c - 33. What are the prime factors of k(-19)?
2, 11
Let t = 2 - -1. Let v(m) = 2*m - 9*m - t + m**2 + 10. What are the prime factors of v(7)?
7
Suppose -5*j = -2*j - 138. What are the prime factors of j?
2, 23
Suppose 3*r + l = 10, -2*r + 13 = 3*l - 3. What are the prime factors of (22/4)/(r/4)?
11
Suppose 5*g - 95 = -4*k, -3*k + 5*g + 51 = 2*g. What are the prime factors of k?
2, 5
Let h(w) be the first derivative of w**4/4 - 7*w**3/3 + w**2/2 + 4*w - 2. Let l be (-2)/6 + (-22)/(-3). What are the prime factors of h(l)?
11
Suppose -4*q - q - 150 = 0. Let v = 60 + q. What are the prime factors of v?
2, 3, 5
Suppose 4*x - 33 = -9. What are the prime factors of 57/x - (-2)/4?
2, 5
Let t = -7 - 5. Let i be -18 + 0 + 3 + -2. Let n = t - i. What are the prime factors of n?
5
Let r = -8 - -9. Let w be (-1 + 1 - 1)*r. Let h = w - -4. What are the prime factors of h?
3
Suppose 5*w + 1 = -2*c - 7, -4 = 2*c + 4*w. Suppose -4*v = -c - 6. What are the prime factors of v?
3
Suppose 4*f + 0 = 3*n - 14, -5*n + 2*f = -14. Suppose -3*b + j + 128 = 0, -2*j + 113 = b + n*b. What are the prime factors of b?
41
Let i be (-1 - -814)*2/3. Let y be i/(-6) - (-3)/9. List the prime factors of (6/15)/((-2)/y).
2, 3
Suppose 0 = -3*t + 274 + 53. List the prime factors of t.
109
Let c(i) = -3*i**3 - 9*i**2 - 4. List the prime factors of c(-4).
2, 11
Suppose 2*s = -s, 5*n - 275 = -s. List the prime factors of n.
5, 11
Suppose 0*c = 4*c - 64. Let x be c*-2 - (-2)/1. Let y = -10 - x. List the prime factors of y.
2, 5
Let i = -77 + 350. What are the prime factors of i?
3, 7, 13
Suppose 0 = -3*b - 87 + 738. What are the prime factors of b?
7, 31
Let h(l) = -l**3 - l**2 - l. Let m(a) = -7*a**3 - 3*a**2 - 6*a + 2. Let p(u) = 6*h(u) - m(u). Let k be -4*(1 - (-2)/(-1)). List the prime factors of p(k).
2, 7
Let i = 57 + -2. List the prime factors of i.
5, 11
Let x = -10 + 38. What are the prime factors of x?
2, 7
Let g = 9 + -47. Let x = -27 - g. List the prime factors of x.
11
List the prime factors of -14*(3 + (3 + 1)*-1).
2, 7
Let l(a) = a**3 - 5*a**2 + 7*a - 4. Let m(u) = u**3 + 15*u**2 + 13*u - 10. Let b be m(-14). List the prime factors of l(b).
2
Suppose 4*d - j - 228 = 0, -2*d + 57 = -d + j. What are the prime factors of d?
3, 19
Let z(g) = g**2 - 2*g + 3. Let j be z(3). What are the prime factors of (-74)/(-6) + 4/j?
13
Let x(g) be the first derivative of -g**2/2 + 10*g + 2. Let f be x(6). Suppose 0 = -2*d - 6, -2*d = f*k + d - 31. What are the prime factors of k?
2, 5
Let g(w) = 5*w. Let n be g(2). Suppose -4*s + n = -2. Suppose 0 = -s*j - j + 76. What are the prime factors of j?
19
Suppose -3*s = 4*g - 6, s - 2*g + 3 - 5 = 0. Suppose 5*b - d + 28 = 0, b + s*d + 14 = -2*d. What are the prime factors of (14 + 1)*b/(-9)?
2, 5
Let h(g) be the third derivative of 0*g**3 + 1/10*g**5 - 1/24*g**4 + 0*g - g**2 + 0. List the prime factors of h(1).
5
Let c(x) = -x**3 - 3*x**2 + 4*x + 4. Let l be c(-4). Suppose 3*v = -l*b - 2*v + 80, -4*b + 72 = 3*v. List the prime factors of b.
3, 5
Let j(s) = s**3 - 9*s**2 + 11*s - 7. Let b = -5 - -13. List the prime factors of j(b).
17
Let t(y) = -y + 10 + 3 - 1. List the prime factors of t(0).
2, 3
Let u(b) = b**3 + 4*b**2 - 10*b. Let s be u(-8). What are the prime factors of (-581)/(-11) + (-32)/s?
53
What are the prime factors of (0 + 0 - 6 - -3) + 61?
2, 29
Let a(q) = -5*q - 2. Let d = 3 + -5. Let m be a(d). Suppose -g - g = -m. List the prime factors of g.
2
Let p(c) be the second derivative of -c**4/12 - 3*c**3/2 - 5*c**2/2 + c. Suppose -3*u - 21 = -3*o, 3*u + 3*o = u - 19. What are the prime factors of p(u)?
3
What are the prime factors of 3*6/9 - -10?
2, 3
Let b(d) be the second derivative of 5*d**4/12 + d**3/2 + d**2/2 - 9*d. What are the prime factors of b(3)?
5, 11
Suppose 13 = -4*q + 3*s, 3*q - 6*s = -3*s - 12. Let x(u) be the third derivative of -5*u**4/12 - u**3/6 + 2*u**2. List the prime factors of x(q).
3
Let w(b) = b - 6. Let l be w(8). Suppose -l*x = -0*x - 4. List the prime factors of x.
2
Suppose 0 = -3*k + 5 + 4. Suppose -3 = -2*h + 3*h, k*f = -h + 66. What are the prime factors of f?
23
Let w = 76 + -42. Suppose 0 = 4*i + 6 - w. What are the prime factors of i?
7
Let f = -70 + 189. What are the prime factors of f?
7, 17
Let a be 3/(-3) + 81 + 2. Suppose -p - 45 = -2*c, -2*c + 5*p -